{"id":1524,"date":"2024-01-10T10:02:33","date_gmt":"2024-01-10T10:02:33","guid":{"rendered":"https:\/\/camping-neckargemuend.de\/private-bathrooms\/"},"modified":"2025-05-05T15:41:13","modified_gmt":"2025-05-05T15:41:13","slug":"private-bathrooms","status":"publish","type":"page","link":"https:\/\/camping-neckargemuend.de\/en\/our-campsite\/private-bathrooms\/","title":{"rendered":"Private bathrooms"},"content":{"rendered":"<div id='full_slider_1'  class='avia-fullwidth-slider main_color avia-shadow av-small-hide av-mini-hide  avia-builder-el-0  el_before_av_slideshow_full  avia-builder-el-first   container_wrap sidebar_right'  ><div  class='avia-slideshow av-lr7m2fhy-8c414743f45175525655954bcbc717b7 avia-slideshow-featured_large av_slideshow_full avia-fade-slider av-small-hide av-mini-hide av-slideshow-ui av-control-minimal av-slideshow-autoplay av-loop-endless av-loop-manual-endless av-default-height-applied   avia-slideshow-1' data-slideshow-options=\"{&quot;animation&quot;:&quot;fade&quot;,&quot;autoplay&quot;:true,&quot;loop_autoplay&quot;:&quot;endless&quot;,&quot;interval&quot;:5,&quot;loop_manual&quot;:&quot;manual-endless&quot;,&quot;autoplay_stopper&quot;:false,&quot;noNavigation&quot;:false,&quot;bg_slider&quot;:false,&quot;keep_padding&quot;:false,&quot;hoverpause&quot;:false,&quot;show_slide_delay&quot;:0}\"  itemprop=\"image\" itemscope=\"itemscope\" itemtype=\"https:\/\/schema.org\/ImageObject\" ><ul class='avia-slideshow-inner ' style='padding-bottom: 42%;'><li  class='avia-slideshow-slide av-lr7m2fhy-8c414743f45175525655954bcbc717b7__0  av-single-slide slide-1 slide-odd'><div data-rel='slideshow-1' class='avia-slide-wrap '   ><img decoding=\"async\" fetchpriority=\"high\" class=\"wp-image-1264 avia-img-lazy-loading-not-1264\"  src=\"https:\/\/camping-neckargemuend.de\/wp-content\/uploads\/2024\/01\/privatbad-1500x630.jpg\" width=\"1500\" height=\"630\" title='Privatb\u00e4der (Symbolbild)' alt=''  itemprop=\"thumbnailUrl\"   \/><\/div><\/li><\/ul><\/div><\/div>\n<div id='full_slider_2'  class='avia-fullwidth-slider main_color avia-shadow av-desktop-hide av-medium-hide  avia-builder-el-1  el_after_av_slideshow_full  el_before_av_two_fifth   slider-not-first container_wrap sidebar_right'  ><div  class='avia-slideshow av-lr7m2t8v-60fa9f5dd20fc3468288ae5534203e6c avia-slideshow-featured_large av_slideshow_full avia-fade-slider av-desktop-hide av-medium-hide av-slideshow-ui av-control-minimal av-slideshow-autoplay av-loop-endless av-loop-manual-endless av-default-height-applied   avia-slideshow-2' data-slideshow-options=\"{&quot;animation&quot;:&quot;fade&quot;,&quot;autoplay&quot;:true,&quot;loop_autoplay&quot;:&quot;endless&quot;,&quot;interval&quot;:5,&quot;loop_manual&quot;:&quot;manual-endless&quot;,&quot;autoplay_stopper&quot;:false,&quot;noNavigation&quot;:false,&quot;bg_slider&quot;:false,&quot;keep_padding&quot;:false,&quot;hoverpause&quot;:false,&quot;show_slide_delay&quot;:0}\"  itemprop=\"image\" itemscope=\"itemscope\" itemtype=\"https:\/\/schema.org\/ImageObject\" ><ul class='avia-slideshow-inner ' style='padding-bottom: 42%;'><li  class='avia-slideshow-slide av-lr7m2t8v-60fa9f5dd20fc3468288ae5534203e6c__0  av-single-slide slide-1 slide-odd'><div data-rel='slideshow-2' class='avia-slide-wrap '   ><img decoding=\"async\" fetchpriority=\"high\" class=\"wp-image-1264 avia-img-lazy-loading-not-1264\"  src=\"https:\/\/camping-neckargemuend.de\/wp-content\/uploads\/2024\/01\/privatbad-1500x630.jpg\" width=\"1500\" height=\"630\" title='Privatb\u00e4der (Symbolbild)' alt=''  itemprop=\"thumbnailUrl\"  style='min-height:400px; min-width:953px; ' \/><\/div><\/li><\/ul><\/div><\/div><div id='after_full_slider_2'  class='main_color av_default_container_wrap container_wrap sidebar_right'  ><div class='container av-section-cont-open' ><div class='template-page content  av-content-small alpha units'><div class='post-entry post-entry-type-page post-entry-1524'><div class='entry-content-wrapper clearfix'>\n<div  class='flex_column av-fpefw-b11b2c24d28760eeb723d2cda81dad67 av_two_fifth  avia-builder-el-2  el_after_av_slideshow_full  el_before_av_three_fifth  avia-builder-el-first  first flex_column_div  '     ><section  class='av_textblock_section av-lr7lwv23-b7dfd400f0f6028182f0ce47d217a9f1 '   itemscope=\"itemscope\" itemtype=\"https:\/\/schema.org\/CreativeWork\" ><div class='avia_textblock'  itemprop=\"text\" ><h3>Private bathrooms<\/h3>\n<\/div><\/section><br \/>\n<section  class='av_textblock_section av-lr7lxx86-37513c9de32f6908f520d2f74fa0aa3a '   itemscope=\"itemscope\" itemtype=\"https:\/\/schema.org\/CreativeWork\" ><div class='avia_textblock'  itemprop=\"text\" ><p>Sie m\u00f6gen es gern etwas komfortabler? Keine Gruppendusche!<\/p>\n<p>Auf Luxus und Komfort muss beim Camping durch unser pers\u00f6nliches Bad nicht verzichtet werden.<\/p>\n<p>Die Tageslicht-B\u00e4der verf\u00fcgen \u00fcber:<br \/>\n&#8211; Dusche mit niedrigem Duscheinstieg und Echtglas-Duschwand<br \/>\n&#8211; Waschtisch mit Unterschrank<br \/>\n&#8211; WC<br \/>\n&#8211; Handtuchw\u00e4rmer<\/p>\n<p>6 B\u00e4der sind f\u00fcr eine <strong>exklusive Nutzung<\/strong> vorgesehen. NUR SIE haben Zutritt zu diesem Bad. Keine weiteren G\u00e4ste k\u00f6nnen das Bad mitbenutzen.<\/p>\n<\/div><\/section><\/p><\/div><div  class='flex_column av-b0nlg-20571450cc08b00eb7fa8903da7968a1 av_three_fifth  avia-builder-el-5  el_after_av_two_fifth  el_before_av_button  flex_column_div  '     ><style type=\"text\/css\" data-created_by=\"avia_inline_auto\" id=\"style-css-av-lr7lyh5f-906a065f2168b1cd563d203da96ad914\">\n.avia-image-container.av-lr7lyh5f-906a065f2168b1cd563d203da96ad914 img.avia_image{\nbox-shadow:none;\n}\n.avia-image-container.av-lr7lyh5f-906a065f2168b1cd563d203da96ad914 .av-image-caption-overlay-center{\ncolor:#ffffff;\n}\n<\/style>\n<div  class='avia-image-container av-lr7lyh5f-906a065f2168b1cd563d203da96ad914 av-styling- avia-align-center  avia-builder-el-6  avia-builder-el-no-sibling '   itemprop=\"image\" itemscope=\"itemscope\" itemtype=\"https:\/\/schema.org\/ImageObject\" ><div class=\"avia-image-container-inner\"><div class=\"avia-image-overlay-wrap\"><img decoding=\"async\" fetchpriority=\"high\" class='wp-image-2127 avia-img-lazy-loading-not-2127 avia_image ' src=\"https:\/\/camping-neckargemuend.de\/wp-content\/uploads\/2025\/04\/baeder2025-916x1030.jpg\" alt='' title='baeder2025'  height=\"1030\" width=\"916\"  itemprop=\"thumbnailUrl\" srcset=\"https:\/\/camping-neckargemuend.de\/wp-content\/uploads\/2025\/04\/baeder2025-916x1030.jpg 916w, https:\/\/camping-neckargemuend.de\/wp-content\/uploads\/2025\/04\/baeder2025-267x300.jpg 267w, https:\/\/camping-neckargemuend.de\/wp-content\/uploads\/2025\/04\/baeder2025-768x864.jpg 768w, https:\/\/camping-neckargemuend.de\/wp-content\/uploads\/2025\/04\/baeder2025-1365x1536.jpg 1365w, https:\/\/camping-neckargemuend.de\/wp-content\/uploads\/2025\/04\/baeder2025-1333x1500.jpg 1333w, https:\/\/camping-neckargemuend.de\/wp-content\/uploads\/2025\/04\/baeder2025-627x705.jpg 627w, https:\/\/camping-neckargemuend.de\/wp-content\/uploads\/2025\/04\/baeder2025.jpg 1600w\" sizes=\"(max-width: 916px) 100vw, 916px\" \/><\/div><\/div><\/div><\/div><\/p>\n<div  class='avia-button-wrap av-a0bq4-2f1dfba17e745237a182acd2b81633fc-wrap avia-button-center  avia-builder-el-7  el_after_av_three_fifth  avia-builder-el-last  button-float'>\n<style type=\"text\/css\" data-created_by=\"avia_inline_auto\" id=\"style-css-av-a0bq4-2f1dfba17e745237a182acd2b81633fc\">\n#top #wrap_all .avia-button.av-a0bq4-2f1dfba17e745237a182acd2b81633fc{\nfont-size:19px;\nborder-style:solid;\nborder-width:3px 3px 3px 3px;\nborder-color:#ffffff;\nborder-radius:4px 4px 4px 4px;\ntransition:all 0.4s ease-in-out;\n}\n#top #wrap_all.avia-button.av-a0bq4-2f1dfba17e745237a182acd2b81633fc:hover .avia_button_background{\nborder-radius:4px 4px 4px 4px;\n}\n<\/style>\n<a href='https:\/\/camping-neckargemuend.de\/en\/contact\/'  class='avia-button av-a0bq4-2f1dfba17e745237a182acd2b81633fc avia-icon_select-yes-right-icon avia-size-large avia-position-center avia-color-theme-color'  ><span class='avia_iconbox_title' >Book or enquire now<\/span><span class='avia_button_icon avia_button_icon_right' aria-hidden='true' data-av_icon='\ue85b' data-av_iconfont='entypo-fontello'><\/span><\/a><\/div>\n","protected":false},"excerpt":{"rendered":"<p>You don\u2019t have to sacrifice luxury and comfort when camping, thanks to our personal bathrooms.<\/p>\n","protected":false},"author":1,"featured_media":0,"parent":1529,"menu_order":0,"comment_status":"closed","ping_status":"closed","template":"","meta":{"footnotes":""},"_links":{"self":[{"href":"https:\/\/camping-neckargemuend.de\/en\/wp-json\/wp\/v2\/pages\/1524"}],"collection":[{"href":"https:\/\/camping-neckargemuend.de\/en\/wp-json\/wp\/v2\/pages"}],"about":[{"href":"https:\/\/camping-neckargemuend.de\/en\/wp-json\/wp\/v2\/types\/page"}],"author":[{"embeddable":true,"href":"https:\/\/camping-neckargemuend.de\/en\/wp-json\/wp\/v2\/users\/1"}],"replies":[{"embeddable":true,"href":"https:\/\/camping-neckargemuend.de\/en\/wp-json\/wp\/v2\/comments?post=1524"}],"version-history":[{"count":3,"href":"https:\/\/camping-neckargemuend.de\/en\/wp-json\/wp\/v2\/pages\/1524\/revisions"}],"predecessor-version":[{"id":2482,"href":"https:\/\/camping-neckargemuend.de\/en\/wp-json\/wp\/v2\/pages\/1524\/revisions\/2482"}],"up":[{"embeddable":true,"href":"https:\/\/camping-neckargemuend.de\/en\/wp-json\/wp\/v2\/pages\/1529"}],"wp:attachment":[{"href":"https:\/\/camping-neckargemuend.de\/en\/wp-json\/wp\/v2\/media?parent=1524"}],"curies":[{"name":"wp","href":"https:\/\/api.w.org\/{rel}","templated":true}]}}

<div id='full_slider_1'  class='avia-fullwidth-slider main_color avia-shadow av-small-hide av-mini-hide  avia-builder-el-0  el_before_av_slideshow_full  avia-builder-el-first   container_wrap sidebar_right'  ><div  class='avia-slideshow av-lr7m2fhy-8c414743f45175525655954bcbc717b7 avia-slideshow-featured_large av_slideshow_full avia-fade-slider av-small-hide av-mini-hide av-slideshow-ui av-control-minimal av-slideshow-autoplay av-loop-endless av-loop-manual-endless av-default-height-applied   avia-slideshow-1' data-slideshow-options="{&quot;animation&quot;:&quot;fade&quot;,&quot;autoplay&quot;:true,&quot;loop_autoplay&quot;:&quot;endless&quot;,&quot;interval&quot;:5,&quot;loop_manual&quot;:&quot;manual-endless&quot;,&quot;autoplay_stopper&quot;:false,&quot;noNavigation&quot;:false,&quot;bg_slider&quot;:false,&quot;keep_padding&quot;:false,&quot;hoverpause&quot;:false,&quot;show_slide_delay&quot;:0}"  itemprop="image" itemscope="itemscope" itemtype="https://schema.org/ImageObject" ><ul class='avia-slideshow-inner ' style='padding-bottom: 42%;'><li  class='avia-slideshow-slide av-lr7m2fhy-8c414743f45175525655954bcbc717b7__0  av-single-slide slide-1 slide-odd'><div data-rel='slideshow-1' class='avia-slide-wrap '   ><img decoding="async" fetchpriority="high" class="wp-image-1264 avia-img-lazy-loading-not-1264"  src="https://camping-neckargemuend.de/wp-content/uploads/2024/01/privatbad-1500x630.jpg" width="1500" height="630" title='Privatbäder (Symbolbild)' alt=''  itemprop="thumbnailUrl"   /></div></li></ul></div></div>
<div id='full_slider_2'  class='avia-fullwidth-slider main_color avia-shadow av-desktop-hide av-medium-hide  avia-builder-el-1  el_after_av_slideshow_full  el_before_av_two_fifth   slider-not-first container_wrap sidebar_right'  ><div  class='avia-slideshow av-lr7m2t8v-60fa9f5dd20fc3468288ae5534203e6c avia-slideshow-featured_large av_slideshow_full avia-fade-slider av-desktop-hide av-medium-hide av-slideshow-ui av-control-minimal av-slideshow-autoplay av-loop-endless av-loop-manual-endless av-default-height-applied   avia-slideshow-2' data-slideshow-options="{&quot;animation&quot;:&quot;fade&quot;,&quot;autoplay&quot;:true,&quot;loop_autoplay&quot;:&quot;endless&quot;,&quot;interval&quot;:5,&quot;loop_manual&quot;:&quot;manual-endless&quot;,&quot;autoplay_stopper&quot;:false,&quot;noNavigation&quot;:false,&quot;bg_slider&quot;:false,&quot;keep_padding&quot;:false,&quot;hoverpause&quot;:false,&quot;show_slide_delay&quot;:0}"  itemprop="image" itemscope="itemscope" itemtype="https://schema.org/ImageObject" ><ul class='avia-slideshow-inner ' style='padding-bottom: 42%;'><li  class='avia-slideshow-slide av-lr7m2t8v-60fa9f5dd20fc3468288ae5534203e6c__0  av-single-slide slide-1 slide-odd'><div data-rel='slideshow-2' class='avia-slide-wrap '   ><img decoding="async" fetchpriority="high" class="wp-image-1264 avia-img-lazy-loading-not-1264"  src="https://camping-neckargemuend.de/wp-content/uploads/2024/01/privatbad-1500x630.jpg" width="1500" height="630" title='Privatbäder (Symbolbild)' alt=''  itemprop="thumbnailUrl"  style='min-height:400px; min-width:953px; ' /></div></li></ul></div></div><div id='after_full_slider_2'  class='main_color av_default_container_wrap container_wrap sidebar_right'  ><div class='container av-section-cont-open' ><div class='template-page content  av-content-small alpha units'><div class='post-entry post-entry-type-page post-entry-1524'><div class='entry-content-wrapper clearfix'>
<div  class='flex_column av-fpefw-b11b2c24d28760eeb723d2cda81dad67 av_two_fifth  avia-builder-el-2  el_after_av_slideshow_full  el_before_av_three_fifth  avia-builder-el-first  first flex_column_div  '     ><section  class='av_textblock_section av-lr7lwv23-b7dfd400f0f6028182f0ce47d217a9f1 '   itemscope="itemscope" itemtype="https://schema.org/CreativeWork" ><div class='avia_textblock'  itemprop="text" ><h3>Private bathrooms</h3>
</div></section><br />
<section  class='av_textblock_section av-lr7lxx86-37513c9de32f6908f520d2f74fa0aa3a '   itemscope="itemscope" itemtype="https://schema.org/CreativeWork" ><div class='avia_textblock'  itemprop="text" ><p>Sie mögen es gern etwas komfortabler? Keine Gruppendusche!</p>
<p>Auf Luxus und Komfort muss beim Camping durch unser persönliches Bad nicht verzichtet werden.</p>
<p>Die Tageslicht-Bäder verfügen über:<br />
&#8211; Dusche mit niedrigem Duscheinstieg und Echtglas-Duschwand<br />
&#8211; Waschtisch mit Unterschrank<br />
&#8211; WC<br />
&#8211; Handtuchwärmer</p>
<p>6 Bäder sind für eine <strong>exklusive Nutzung</strong> vorgesehen. NUR SIE haben Zutritt zu diesem Bad. Keine weiteren Gäste können das Bad mitbenutzen.</p>
</div></section></p></div><div  class='flex_column av-b0nlg-20571450cc08b00eb7fa8903da7968a1 av_three_fifth  avia-builder-el-5  el_after_av_two_fifth  el_before_av_button  flex_column_div  '     ><style type="text/css" data-created_by="avia_inline_auto" id="style-css-av-lr7lyh5f-906a065f2168b1cd563d203da96ad914">
.avia-image-container.av-lr7lyh5f-906a065f2168b1cd563d203da96ad914 img.avia_image{
box-shadow:none;
}
.avia-image-container.av-lr7lyh5f-906a065f2168b1cd563d203da96ad914 .av-image-caption-overlay-center{
color:#ffffff;
}
</style>
<div  class='avia-image-container av-lr7lyh5f-906a065f2168b1cd563d203da96ad914 av-styling- avia-align-center  avia-builder-el-6  avia-builder-el-no-sibling '   itemprop="image" itemscope="itemscope" itemtype="https://schema.org/ImageObject" ><div class="avia-image-container-inner"><div class="avia-image-overlay-wrap"><img decoding="async" fetchpriority="high" class='wp-image-2127 avia-img-lazy-loading-not-2127 avia_image ' src="https://camping-neckargemuend.de/wp-content/uploads/2025/04/baeder2025-916x1030.jpg" alt='' title='baeder2025'  height="1030" width="916"  itemprop="thumbnailUrl" srcset="https://camping-neckargemuend.de/wp-content/uploads/2025/04/baeder2025-916x1030.jpg 916w, https://camping-neckargemuend.de/wp-content/uploads/2025/04/baeder2025-267x300.jpg 267w, https://camping-neckargemuend.de/wp-content/uploads/2025/04/baeder2025-768x864.jpg 768w, https://camping-neckargemuend.de/wp-content/uploads/2025/04/baeder2025-1365x1536.jpg 1365w, https://camping-neckargemuend.de/wp-content/uploads/2025/04/baeder2025-1333x1500.jpg 1333w, https://camping-neckargemuend.de/wp-content/uploads/2025/04/baeder2025-627x705.jpg 627w, https://camping-neckargemuend.de/wp-content/uploads/2025/04/baeder2025.jpg 1600w" sizes="(max-width: 916px) 100vw, 916px" /></div></div></div></div></p>
<div  class='avia-button-wrap av-a0bq4-2f1dfba17e745237a182acd2b81633fc-wrap avia-button-center  avia-builder-el-7  el_after_av_three_fifth  avia-builder-el-last  button-float'>
<style type="text/css" data-created_by="avia_inline_auto" id="style-css-av-a0bq4-2f1dfba17e745237a182acd2b81633fc">
#top #wrap_all .avia-button.av-a0bq4-2f1dfba17e745237a182acd2b81633fc{
font-size:19px;
border-style:solid;
border-width:3px 3px 3px 3px;
border-color:#ffffff;
border-radius:4px 4px 4px 4px;
transition:all 0.4s ease-in-out;
}
#top #wrap_all.avia-button.av-a0bq4-2f1dfba17e745237a182acd2b81633fc:hover .avia_button_background{
border-radius:4px 4px 4px 4px;
}
</style>
<a href='https://camping-neckargemuend.de/en/contact/'  class='avia-button av-a0bq4-2f1dfba17e745237a182acd2b81633fc avia-icon_select-yes-right-icon avia-size-large avia-position-center avia-color-theme-color'  ><span class='avia_iconbox_title' >Book or enquire now</span><span class='avia_button_icon avia_button_icon_right' aria-hidden='true' data-av_icon='' data-av_iconfont='entypo-fontello'></span></a></div>
